at is the remainder when 363 is divided by 153?
57
Calculate the remainder when 223 is divided by 76.
71
What is the remainder when 260 is divided by 55?
40
Calculate the remainder when 389 is divided by 23.
21
What is the remainder when 335 is divided by 51?
29
Calculate the remainder when 1044 is divided by 57.
18
Calculate the remainder when 163 is divided by 55.
53
What is the remainder when 822 is divided by 64?
54
Calculate the remainder when 2077 is divided by 20.
17
Calculate the remainder when 626 is divided by 134.
90
What is the remainder when 104 is divided by 45?
14
What is the remainder when 495 is divided by 16?
15
Calculate the remainder when 240 is divided by 49.
44
Calculate the remainder when 5145 is divided by 117.
114
Calculate the remainder when 662 is divided by 74.
70
What is the remainder when 263 is divided by 44?
43
Calculate the remainder when 701 is divided by 5.
1
What is the remainder when 423 is divided by 126?
45
What is the remainder when 1604 is divided by 24?
20
Calculate the remainder when 224 is divided by 58.
50
Calculate the remainder when 27 is divided by 17.
10
Calculate the remainder when 495 is divided by 74.
51
What is the remainder when 607 is divided by 170?
97
What is the remainder when 41 is divided by 33?
8
What is the remainder when 42 is divided by 24?
18
What is the remainder when 46 is divided by 43?
3
What is the remainder when 371 is divided by 282?
89
Calculate the remainder when 401 is divided by 84.
65
Calculate the remainder when 799 is divided by 68.
51
Calculate the remainder when 56 is divided by 54.
2
Calculate the remainder when 89 is divided by 64.
25
What is the remainder when 421 is divided by 108?
97
Calculate the remainder when 419 is divided by 54.
41
What is the remainder when 225 is divided by 3?
0
What is the remainder when 982 is divided by 18?
10
What is the remainder when 67 is divided by 45?
22
What is the remainder when 276 is divided by 9?
6
Calculate the remainder when 237 is divided by 83.
71
What is the remainder when 406 is divided by 80?
6
Calculate the remainder when 16253 is divided by 64.
61
Calculate the remainder when 578 is divided by 51.
17
Calculate the remainder when 119 is divided by 109.
10
Calculate the remainder when 652 is divided by 33.
25
Calculate the remainder when 1970 is divided by 85.
15
Calculate the remainder when 3773 is divided by 157.
5
What is the remainder when 627 is divided by 45?
42
What is the remainder when 571 is divided by 36?
31
Calculate the remainder when 617 is divided by 10.
7
Calculate the remainder when 141 is divided by 116.
25
Calculate the remainder when 851 is divided by 12.
11
What is the remainder when 231 is divided by 60?
51
Calculate the remainder when 254 is divided by 8.
6
What is the remainder when 149 is divided by 137?
12
What is the remainder when 655 is divided by 6?
1
Calculate the remainder when 221 is divided by 9.
5
Calculate the remainder when 395 is divided by 128.
11
Calculate the remainder when 934 is divided by 85.
84
What is the remainder when 685 is divided by 170?
5
Calculate the remainder when 255 is divided by 137.
118
What is the remainder when 1809 is divided by 70?
59
What is the remainder when 280 is divided by 120?
40
What is the remainder when 241 is divided by 79?
4
Calculate the remainder when 13289 is divided by 10.
9
Calculate the remainder when 95 is divided by 48.
47
Calculate the remainder when 1374 is divided by 173.
163
What is the remainder when 36106 is divided by 177?
175
What is the remainder when 950 is divided by 106?
102
What is the remainder when 9378 is divided by 113?
112
What is the remainder when 496 is divided by 56?
48
Calculate the remainder when 670 is divided by 14.
12
What is the remainder when 715 is divided by 44?
11
Calculate the remainder when 23 is divided by 5.
3
Calculate the remainder when 666 is divided by 112.
106
What is the remainder when 6262 is divided by 87?
85
Calculate the remainder when 1687 is divided by 5.
2
What is the remainder when 284 is divided by 13?
11
What is the remainder when 51 is divided by 9?
6
What is the remainder when 231 is divided by 29?
28
Calculate the remainder when 834 is divided by 96.
66
Calculate the remainder when 306 is divided by 107.
92
Calculate the remainder when 549 is divided by 498.
51
Calculate the remainder when 401 is divided by 196.
9
What is the remainder when 2496 is divided by 211?
175
What is the remainder when 1551 is divided by 8?
7
Calculate the remainder when 29375 is divided by 153.
152
What is the remainder when 227 is divided by 64?
35
Calculate the remainder when 633 is divided by 107.
98
Calculate the remainder when 367 is divided by 8.
7
Calculate the remainder when 5109 is divided by 2549.
11
Calculate the remainder when 295 is divided by 37.
36
Calculate the remainder when 813 is divided by 75.
63
Calculate the remainder when 159 is divided by 26.
3
Calculate the remainder when 130 is divided by 16.
2
Calculate the remainder when 1468 is divided by 124.
104
What is the remainder when 1420 is divided by 14?
6
What is the remainder when 343 is divided by 97?
52
What is the remainder when 715 is divided by 227?
34
What is the remainder when 81 is divided by 17?
13
Calculate the remainder when 508 is divided by 52.
40
What is the remainder when 141 is divided by 72?
69
What is the remainder when 252 is divided by 22?
10
Calculate the remainder when 5898 is divided by 328.
322
What is the remainder when 53 is divided by 16?
5
What is the remainder when 125 is divided by 26?
21
What is the remainder when 23541 is divided by 13?
11
Calculate the remainder when 5524 is divided by 113.
100
Calculate the remainder when 270 is divided by 21.
18
What is the remainder when 1818 is divided by 12?
6
What is the remainder when 1244 is divided by 299?
48
Calculate the remainder when 732 is divided by 71.
22
Calculate the remainder when 266 is divided by 46.
36
What is the remainder when 1274 is divided by 314?
18
What is the remainder when 804 is divided by 43?
30
Calculate the remainder when 212 is divided by 101.
10
Calculate the remainder when 121 is divided by 18.
13
What is the remainder when 170 is divided by 8?
2
What is the remainder when 1251 is divided by 33?
30
What is the remainder when 145 is divided by 31?
21
Calculate the remainder when 2663 is divided by 18.
17
Calculate the remainder when 295 is divided by 44.
31
What is the remainder when 69 is divided by 39?
30
What is the remainder when 706 is divided by 10?
6
Calculate the remainder when 87 is divided by 80.
7
Calculate the remainder when 1660 is divided by 13.
9
What is the remainder when 327 is divided by 116?
95
What is the remainder when 286 is divided by 48?
46
Calculate the remainder when 12840 is divided by 28.
16
Calculate the remainder when 538 is divided by 9.
7
What is the remainder when 191 is divided by 32?
31
What is the remainder when 1046 is divided by 337?
35
What is the remainder when 258 is divided by 8?
2
What is the remainder when 1752 is divided by 146?
0
What is the remainder when 209 is divided by 104?
1
Calculate the remainder when 88 is divided by 23.
19
What is the remainder when 348 is divided by 50?
48
Calculate the remainder when 442 is divided by 96.
58
What is the remainder when 18476 is divided by 17?
14
What is the remainder when 289 is divided by 157?
132
Calculate the remainder when 812 is divided by 11.
9
Calculate the remainder when 5525 is divided by 113.
101
Calculate the remainder when 928 is divided by 461.
6
What is the remainder when 84 is divided by 5?
4
Calculate the remainder when 119 is divided by 14.
7
Calculate the remainder when 235 is divided by 37.
13
Calculate the remainder when 1818 is divided by 70.
68
Calculate the remainder when 90 is divided by 37.
16
What is the remainder when 281 is divided by 131?
19
What is the remainder when 823 is divided by 37?
9
What is the remainder when 5248 is divided by 10?
8
Calculate the remainder when 439 is divided by 63.
61
Calculate the remainder when 3950 is divided by 152.
150
Calculate the remainder when 230 is divided by 59.
53
What is the remainder when 185 is divided by 47?
44
Calculate the remainder when 3268 is divided by 25.